 is 10 + 20042?
20102
In base 14, what is 3cb + -6?
3c5
In base 15, what is -2 + -36?
-38
In base 5, what is -3 + 433?
430
In base 15, what is -34 - 6?
-3a
In base 12, what is -10 - -81?
71
In base 6, what is -40 - -200?
120
In base 5, what is 13 - 2?
11
In base 7, what is 3 - 134?
-131
In base 5, what is -10 - 10004?
-10014
In base 9, what is -6 + -1?
-7
In base 6, what is -4 - 320?
-324
In base 5, what is -3 - -11132?
11124
In base 2, what is 1010010101111 + -1?
1010010101110
In base 10, what is 38 - 10?
28
In base 8, what is 152 - -22?
174
In base 8, what is 2 - 46?
-44
In base 12, what is 364 - -39?
3a1
In base 2, what is 100 - -10110110?
10111010
In base 4, what is 3 - -220?
223
In base 16, what is -496 + 5?
-491
In base 8, what is -13 - 71?
-104
In base 3, what is 12222 - 2?
12220
In base 7, what is -11 - 40?
-51
In base 6, what is -30 - 35?
-105
In base 15, what is 122 + 23?
145
In base 6, what is -1 + -3101?
-3102
In base 13, what is -9 + -362?
-36b
In base 14, what is 3 + -9?
-6
In base 11, what is 2 + 463?
465
In base 7, what is 53016 - 4?
53012
In base 4, what is -122 - -12?
-110
In base 3, what is -1201 + -12?
-1220
In base 4, what is -3012 + -10?
-3022
In base 4, what is -10231 + 11?
-10220
In base 5, what is 332 - -3?
340
In base 15, what is -2 - 243?
-245
In base 10, what is -241 - 5?
-246
In base 12, what is -5 + 10a?
105
In base 4, what is -2003 - 1023?
-3032
In base 7, what is -32 + 16?
-13
In base 10, what is 4 + 404?
408
In base 10, what is 0 + 70?
70
In base 6, what is 5 - 443?
-434
In base 8, what is -1162 + 0?
-1162
In base 10, what is -3 + 164?
161
In base 16, what is -1 - 219?
-21a
In base 10, what is -102 + 1?
-101
In base 2, what is -100 + 11100100?
11100000
In base 4, what is -11 - -101131?
101120
In base 3, what is 2101 + -101?
2000
In base 2, what is 0 + 111100111?
111100111
In base 3, what is 11 - -100022?
100110
In base 9, what is 0 + -27?
-27
In base 2, what is -110 - 10011?
-11001
In base 10, what is -3 + -190?
-193
In base 16, what is 8 + -1?
7
In base 12, what is 5 - -2?
7
In base 13, what is -2 + 1344?
1342
In base 13, what is 6c + -13?
59
In base 2, what is 0 + -11000010?
-11000010
In base 11, what is 43 + -127?
-94
In base 10, what is 93 - 4?
89
In base 2, what is -101000 + -111010?
-1100010
In base 2, what is 1 - 11011?
-11010
In base 15, what is -476 + -1?
-477
In base 6, what is 44 - 1322?
-1234
In base 11, what is 6 - -25?
30
In base 10, what is -2 + -117?
-119
In base 15, what is -5a - 11?
-6b
In base 15, what is -90c + 2?
-90a
In base 7, what is -1 + 122?
121
In base 11, what is 286 - -6?
291
In base 9, what is 3 + -700?
-686
In base 3, what is 1111 - -2020?
10201
In base 7, what is 1250 - -5?
1255
In base 11, what is 0 + 4?
4
In base 3, what is -12 + -1?
-20
In base 5, what is -2 - 4421?
-4423
In base 13, what is aa9 - 1?
aa8
In base 10, what is -83 - 4?
-87
In base 10, what is -20 - 3?
-23
In base 7, what is -42 + -21?
-63
In base 12, what is -264 + 5?
-25b
In base 10, what is -5 + -279?
-284
In base 11, what is -550 - 3?
-553
In base 9, what is 300 + -2?
287
In base 14, what is -10 - -4?
-a
In base 14, what is -5 - 340?
-345
In base 6, what is 244013 + 5?
244022
In base 6, what is -4043 - 25?
-4112
In base 4, what is 10 + 11022?
11032
In base 11, what is 3 - -3?
6
In base 13, what is -2 + 71?
6c
In base 16, what is 3 + 168c?
168f
In base 14, what is 2114 + 2?
2116
In base 13, what is 713 + 4?
717
In base 9, what is -17 + -228?
-246
In base 9, what is 544 - -2?
546
In base 12, what is 9 + 59?
66
In base 3, what is 110 - -10000?
10110
In base 11, what is -37 + -2?
-39
In base 15, what is e9 + -2?
e7
In base 16, what is 4a80 - 5?
4a7b
In base 8, what is -4564 + -2?
-4566
In base 9, what is 4 - -13041?
13045
In base 6, what is -3 - -421?
414
In base 6, what is 2 + 11?
13
In base 5, what is 2 + -102?
-100
In base 14, what is 6 - -2a?
32
In base 2, what is 10000 - -101011?
111011
In base 14, what is -1 - 664?
-665
In base 14, what is -2 - 24d?
-251
In base 11, what is 1 - -5a9?
5aa
In base 8, what is 6207 + -3?
6204
In base 9, what is 13402 + -2?
13400
In base 13, what is 15 - 45?
-30
In base 13, what is 2 - 93?
-91
In base 12, what is -1787 + 2?
-1785
In base 13, what is -5 - -2424?
241c
In base 13, what is 0 + ab?
ab
In base 14, what is 2 - -1007?
1009
In base 15, what is -d + -3?
-11
In base 10, what is 699 - -2?
701
In base 3, what is -22 + -12?
-111
In base 7, what is -21 - 205?
-226
In base 15, what is 13 - -1d7?
1ea
In base 9, what is 6 + 153?
160
In base 16, what is 2a + -2?
28
In base 7, what is -5 - 12165?
-12203
In base 13, what is 3 - 468?
-465
In base 15, what is 2 + -2a3?
-2a1
In base 15, what is 2 - -a4?
a6
In base 5, what is 13 - 10?
3
In base 3, what is -12122020 + -12?
-12122102
In base 9, what is -141 + 4?
-136
In base 8, what is -31 + -100?
-131
In base 7, what is -3 - 1660?
-1663
In base 14, what is 9 + -128?
-11d
In base 5, what is 203331 + -3?
203323
In base 9, what is -2 - 14?
-16
In base 9, what is -1 - -3?
2
In base 3, what is -1 + 1212?
1211
In base 11, what is -5 - 26?
-30
In base 3, what is 100101112 - 0?
100101112
In base 14, what is 5 - 27a?
-275
In base 8, what is 27 + 0?
27
In base 16, what is -47 + -26?
-6d
In base 7, what is 23 + 2606?
2632
In base 6, what is -3 + 5?
2
In base 13, what is b - -123?
131
In base 4, what is -10310 + -13?
-10323
In base 11, what is a17 + -3?
a14
In base 10, what is -412 - -41?
-371
In base 5, what is 4 + 300?
304
In base 5, what is -24 - 331?
-410
In base 10, what is -2 + 3563?
3561
In base 2, what is 1000101001110 + 11?
1000101010001
In base 4, what is 131 - -100?
231
In base 7, what is 150 + -21?
126
In base 11, what is -1 + -139?
-13a
In base 8, what is 1 + -43?
-42
In base 4, what is -2 + 332?
330
In base 6, what is 2252 - 1?
2251
In base 3, what is 100112 - 12?
100100
In base 14, what is -22 + 10?
-12
In base 8, what is -2343 - -2?
-2341
In base 3, what is -1020 + -2?
-1022
In base 5, what is -4 - 2?
-11
In base 10, what is -274 - -6?
-268
In base 7, what is -114 + 55?
-26
In base 6, what is 1035 + 4?
1043
In base 7, what is -30 + -2?
-32
In base 14, what is 1326 + 2?
1328
In base 2, what is -101 - 100110011101?
-100110100010
In base 3, what is 0 + 212120?
212120
In base 15, what is -1 - 1ac?
-1ad
In base 14, what is -5c2 + 3?
-5bd
In base 2, what is 11 - 110110?
-110011
In base 5, what is 3 + -230?
-222
In base 5, what is 11212 - -11?
11223
In base 11, what is -11 + -102?
-113
In base 4, what is 12 - -10?
22
In base 8, what is -1077 + -4?
-1103
In base 13, what is -21 - 4?
-25
In base 15, what is -2 - -da5?
da3
In base 3, what is -1202210022 - 1?
-1202210100
In base 3, what is -20 + -11100?
-11120
In base 11, what is 235 + -1a?
216
In base 8, what is 4 - 55?
-51
In base 10, what is 58 - 1?
57
In base 2, what is -1001000 + -11000?
-1100000
In base 9, what is 32 + 14?
46
In base 16, what is 13a - 2?
138
In base 15, what is -e - 1?
-10
In base 2, what is -10001 + 10000100?
1110011
In base 13, what is 0 + -10?
-10
In base 13, what is -1 + -675?
-676
In base 10, what is 249 + 2?
251
In base 10, what is 1 - -1248?
1249
In base 5, what is -100 - 1010?
-1110
In base 15, what is 8a - 11?
79
In base 11, what is -1 + 44?
43
In base 15, what is 4 - -79?
7d
In base 10, what is -16 - 1077?
-1093
In base 16, what is 5 + a79?
a7e
In base 9, what is 2 - 3?
-1
In base 14, what is 12a - -4?
130
In base 10, what is -316 - 11?
-327
In base 11, what is -93 - -6?
-88
In base 8, what is 46 - -44?
112
In base 2, what is -11110 - -11?
-11011
In base 4, what is 3 + 230?
233
In base 10, what is 34 - 7?
27
In base 13, what is -8 - 65?
-70
In base 15, what is 11 - 199?
-188
In base 15, what is 55 + 8?
5d
In base 10, what is 3 + -193?
-190
In base 13, what is -11b + -8?
-126
In base 11, what is -83 - 69?
-141
In base 5, what is -3 - -11400?
11342
In base 10, what is 43 - -208?
251
In base 8, what is -22 + 4?
-16
In base 8, what is -5 - -3?
-2
In base 10, what is 3 + 107?
110
In base 5, what is -10 + -1014?
-1024
In base 5, what is -1141044 + -2?
-1141101
In base 10, what is -5 + -201?
-206
In base 15, what is -d + -20?
-2d
In base 2, what is -1 + 1010011?
1010010
In base 3, what is -12 + 2112?
2100
In base 13, what is -3 + -4a?
-50
In base 5, what is 1 - -21